{"id":36,"date":"2018-05-28T18:29:24","date_gmt":"2018-05-28T18:29:24","guid":{"rendered":"http:\/\/mickeythompsoniberica.com\/DICKCEPEK\/?page_id=36"},"modified":"2022-01-18T08:00:11","modified_gmt":"2022-01-18T08:00:11","slug":"dc-torque","status":"publish","type":"page","link":"https:\/\/mickeythompsoniberica.com\/DICKCEPEK\/dc-torque\/","title":{"rendered":"DC TORQUE"},"content":{"rendered":"<table border=\"0\" width=\"560\" cellspacing=\"0\" cellpadding=\"0\">\n<tbody>\n<tr>\n<td colspan=\"2\">\n<p class=\"text12n\">La \u00faltima creaci\u00f3n de Dick Cepek es la nueva Torque.<\/p>\n<p class=\"text12n\">Dise\u00f1ada para los m\u00e1s modernos 4&#215;4, re\u00fane elegancia y resistencia y est\u00e1 disponible en 16, 17, 18, 20 y 22 pulgadas.<\/p>\n<p class=\"text12n\">La nueva Dick Cepek Torque es, seg\u00fan muchos especialistas, la llanta m\u00e1s bonita del mercado 4&#215;4.<\/p>\n<\/td>\n<\/tr>\n<\/tbody>\n<\/table>\n<table border=\"0\" width=\"560\" cellspacing=\"0\" cellpadding=\"0\">\n<tbody>\n<tr>\n<td colspan=\"4\">\n<table border=\"1\" cellspacing=\"0\" cellpadding=\"0\">\n<tbody>\n<tr>\n<td bgcolor=\"#f08920\" width=\"157\"><strong>Referencia<\/strong><\/td>\n<td bgcolor=\"#f08920\" width=\"151\"><strong>Medidas<\/strong><\/td>\n<td bgcolor=\"#f08920\" width=\"117\"><strong>Anclaje<\/strong><\/td>\n<td bgcolor=\"#f08920\" width=\"102\"><strong>PVP(*)<\/strong><\/td>\n<\/tr>\n<tr>\n<td class=\"text10n\">1068402<\/td>\n<td class=\"text10n\">16&#215;8<\/td>\n<td class=\"text10n\">5-5.5<\/td>\n<td class=\"text10n\">428 \u20ac<\/td>\n<\/tr>\n<tr>\n<td class=\"text10n\" width=\"157\">1068412<\/td>\n<td class=\"text10n\" width=\"151\">16&#215;8<\/td>\n<td class=\"text10n\" width=\"117\">6-5.5<\/td>\n<td class=\"text10n\" width=\"102\">428 \u20ac<\/td>\n<\/tr>\n<tr>\n<td class=\"text10n\" width=\"157\">1068170<\/td>\n<td class=\"text10n\" width=\"151\">16&#215;8<\/td>\n<td class=\"text10n\" width=\"117\">8-170<\/td>\n<td class=\"text10n\" width=\"102\">428 \u20ac<\/td>\n<\/tr>\n<tr>\n<td class=\"text10n\" width=\"157\">1068482<\/td>\n<td class=\"text10n\" width=\"151\">16&#215;8<\/td>\n<td class=\"text10n\" width=\"117\">8-6.5<\/td>\n<td class=\"text10n\" width=\"102\">428 \u20ac<\/td>\n<\/tr>\n<tr>\n<td class=\"text10n\" width=\"157\">1078403<\/td>\n<td class=\"text10n\" width=\"151\">17&#215;8.5<\/td>\n<td class=\"text10n\" width=\"117\">5-150<\/td>\n<td class=\"text10n\" width=\"102\">500 \u20ac<\/td>\n<\/tr>\n<tr>\n<td class=\"text10n\" width=\"157\">1078431<\/td>\n<td class=\"text10n\" width=\"151\">17&#215;8.5<\/td>\n<td class=\"text10n\" width=\"117\">5-5.0<\/td>\n<td class=\"text10n\" width=\"102\">500 \u20ac<\/td>\n<\/tr>\n<tr>\n<td class=\"text10n\" width=\"157\">1078402<\/td>\n<td class=\"text10n\" width=\"151\">17&#215;8.5<\/td>\n<td class=\"text10n\" width=\"117\">5-5.5<\/td>\n<td class=\"text10n\" width=\"102\">500 \u20ac<\/td>\n<\/tr>\n<tr>\n<td class=\"text10n\" width=\"157\">1078462<\/td>\n<td class=\"text10n\" width=\"151\">17&#215;8.5<\/td>\n<td class=\"text10n\" width=\"117\">6-135<\/td>\n<td class=\"text10n\" width=\"102\">500 \u20ac<\/td>\n<\/tr>\n<tr>\n<td class=\"text10n\" width=\"157\">1078412<\/td>\n<td class=\"text10n\" width=\"151\">17&#215;8.5<\/td>\n<td class=\"text10n\" width=\"117\">6-5.5<\/td>\n<td class=\"text10n\" width=\"102\">500 \u20ac<\/td>\n<\/tr>\n<tr>\n<td class=\"text10n\" width=\"157\">1078170<\/td>\n<td class=\"text10n\" width=\"151\">17&#215;8.5<\/td>\n<td class=\"text10n\" width=\"117\">8-170<\/td>\n<td class=\"text10n\" width=\"102\">500 \u20ac<\/td>\n<\/tr>\n<tr>\n<td class=\"text10n\" width=\"157\">1078482<\/td>\n<td class=\"text10n\" width=\"151\">17&#215;8.5<\/td>\n<td class=\"text10n\" width=\"117\">8-6.5<\/td>\n<td class=\"text10n\" width=\"102\">500 \u20ac<\/td>\n<\/tr>\n<tr>\n<td class=\"text10n\" width=\"157\">1088482<\/td>\n<td class=\"text10n\" width=\"151\">18&#215;8.5<\/td>\n<td class=\"text10n\" width=\"117\">8-6.5<\/td>\n<td class=\"text10n\" width=\"102\">575 \u20ac<\/td>\n<\/tr>\n<tr>\n<td class=\"text10n\" width=\"157\">1088403<\/td>\n<td class=\"text10n\" width=\"151\">18&#215;8.5<\/td>\n<td class=\"text10n\" width=\"117\">5-150<\/td>\n<td class=\"text10n\" width=\"102\">575 \u20ac<\/td>\n<\/tr>\n<tr>\n<td class=\"text10n\" width=\"157\">1088431<\/td>\n<td class=\"text10n\" width=\"151\">18&#215;8.5<\/td>\n<td class=\"text10n\" width=\"117\">5-5.0<\/td>\n<td class=\"text10n\" width=\"102\">575 \u20ac<\/td>\n<\/tr>\n<tr>\n<td class=\"text10n\" width=\"157\">1088402<\/td>\n<td class=\"text10n\" width=\"151\">18&#215;8.5<\/td>\n<td class=\"text10n\" width=\"117\">5-5.5<\/td>\n<td class=\"text10n\" width=\"102\">575 \u20ac<\/td>\n<\/tr>\n<tr>\n<td class=\"text10n\" width=\"157\">1088462<\/td>\n<td class=\"text10n\" width=\"151\">18&#215;8.5<\/td>\n<td class=\"text10n\" width=\"117\">6-135<\/td>\n<td class=\"text10n\" width=\"102\">575 \u20ac<\/td>\n<\/tr>\n<tr>\n<td class=\"text10n\" width=\"157\">1088412<\/td>\n<td class=\"text10n\" width=\"151\">18&#215;8.5<\/td>\n<td class=\"text10n\" width=\"117\">6-5.5<\/td>\n<td class=\"text10n\" width=\"102\">575 \u20ac<\/td>\n<\/tr>\n<tr>\n<td class=\"text10n\" width=\"157\">1088413<\/td>\n<td class=\"text10n\" width=\"151\">18&#215;8.5<\/td>\n<td class=\"text10n\" width=\"117\">6-5.5<\/td>\n<td class=\"text10n\" width=\"102\">575 \u20ac<\/td>\n<\/tr>\n<tr>\n<td class=\"text10n\" width=\"157\">1088170<\/td>\n<td class=\"text10n\" width=\"151\">18&#215;8.5<\/td>\n<td class=\"text10n\" width=\"117\">8-170<\/td>\n<td class=\"text10n\" width=\"102\">575 \u20ac<\/td>\n<\/tr>\n<tr>\n<td class=\"text10n\" width=\"157\">1029403<\/td>\n<td class=\"text10n\" width=\"151\">20&#215;9<\/td>\n<td class=\"text10n\" width=\"117\">5-150<\/td>\n<td class=\"text10n\" width=\"102\">686 \u20ac<\/td>\n<\/tr>\n<tr>\n<td class=\"text10n\" width=\"157\">1029402<\/td>\n<td class=\"text10n\" width=\"151\">20&#215;9<\/td>\n<td class=\"text10n\" width=\"117\">5-5.5<\/td>\n<td class=\"text10n\" width=\"102\">686 \u20ac<\/td>\n<\/tr>\n<tr>\n<td class=\"text10n\" width=\"157\">1029462<\/td>\n<td class=\"text10n\" width=\"151\">20&#215;9<\/td>\n<td class=\"text10n\" width=\"117\">6-135<\/td>\n<td class=\"text10n\" width=\"102\">686 \u20ac<\/td>\n<\/tr>\n<tr>\n<td class=\"text10n\" width=\"157\">1029412<\/td>\n<td class=\"text10n\" width=\"151\">20&#215;9<\/td>\n<td class=\"text10n\" width=\"117\">6-5.5<\/td>\n<td class=\"text10n\" width=\"102\">686 \u20ac<\/td>\n<\/tr>\n<tr>\n<td class=\"text10n\" width=\"157\">1029413<\/td>\n<td class=\"text10n\" width=\"151\">20&#215;9<\/td>\n<td class=\"text10n\" width=\"117\">6-5.5<\/td>\n<td class=\"text10n\" width=\"102\">686 \u20ac<\/td>\n<\/tr>\n<tr>\n<td class=\"text10n\" width=\"157\">1029170<\/td>\n<td class=\"text10n\" width=\"151\">20&#215;9<\/td>\n<td class=\"text10n\" width=\"117\">8-170<\/td>\n<td class=\"text10n\" width=\"102\">686 \u20ac<\/td>\n<\/tr>\n<tr>\n<td class=\"text10n\" width=\"157\">1029482<\/td>\n<td class=\"text10n\" width=\"151\">20&#215;9<\/td>\n<td class=\"text10n\" width=\"117\">8-6.5<\/td>\n<td class=\"text10n\" width=\"102\">686 \u20ac<\/td>\n<\/tr>\n<tr>\n<td class=\"text10n\" colspan=\"8\">*Precios m\u00e1ximos recomendados. No incluyen IVA<\/td>\n<\/tr>\n<tr>\n<td class=\"text10n\" colspan=\"8\">\n<div align=\"center\"><\/div>\n<\/td>\n<\/tr>\n<\/tbody>\n<\/table>\n<\/td>\n<\/tr>\n<\/tbody>\n<\/table>\n","protected":false},"excerpt":{"rendered":"<p>La \u00faltima creaci\u00f3n de Dick Cepek es la nueva Torque. Dise\u00f1ada para los m\u00e1s modernos 4&#215;4, re\u00fane elegancia y resistencia y est\u00e1 disponible en 16, 17, 18, 20 y 22 pulgadas. La nueva Dick Cepek Torque es, seg\u00fan muchos especialistas, la llanta m\u00e1s bonita del mercado 4&#215;4. Referencia Medidas Anclaje PVP(*) 1068402 16&#215;8 5-5.5 428 &hellip; <\/p>\n<p class=\"link-more\"><a href=\"https:\/\/mickeythompsoniberica.com\/DICKCEPEK\/dc-torque\/\" class=\"more-link\">Continuar leyendo<span class=\"screen-reader-text\"> \u00abDC TORQUE\u00bb<\/span><\/a><\/p>\n","protected":false},"author":1,"featured_media":61,"parent":0,"menu_order":0,"comment_status":"closed","ping_status":"closed","template":"","meta":[],"_links":{"self":[{"href":"https:\/\/mickeythompsoniberica.com\/DICKCEPEK\/wp-json\/wp\/v2\/pages\/36"}],"collection":[{"href":"https:\/\/mickeythompsoniberica.com\/DICKCEPEK\/wp-json\/wp\/v2\/pages"}],"about":[{"href":"https:\/\/mickeythompsoniberica.com\/DICKCEPEK\/wp-json\/wp\/v2\/types\/page"}],"author":[{"embeddable":true,"href":"https:\/\/mickeythompsoniberica.com\/DICKCEPEK\/wp-json\/wp\/v2\/users\/1"}],"replies":[{"embeddable":true,"href":"https:\/\/mickeythompsoniberica.com\/DICKCEPEK\/wp-json\/wp\/v2\/comments?post=36"}],"version-history":[{"count":15,"href":"https:\/\/mickeythompsoniberica.com\/DICKCEPEK\/wp-json\/wp\/v2\/pages\/36\/revisions"}],"predecessor-version":[{"id":97,"href":"https:\/\/mickeythompsoniberica.com\/DICKCEPEK\/wp-json\/wp\/v2\/pages\/36\/revisions\/97"}],"wp:featuredmedia":[{"embeddable":true,"href":"https:\/\/mickeythompsoniberica.com\/DICKCEPEK\/wp-json\/wp\/v2\/media\/61"}],"wp:attachment":[{"href":"https:\/\/mickeythompsoniberica.com\/DICKCEPEK\/wp-json\/wp\/v2\/media?parent=36"}],"curies":[{"name":"wp","href":"https:\/\/api.w.org\/{rel}","templated":true}]}}